{"id":8,"date":"2025-03-18T19:23:33","date_gmt":"2025-03-18T19:23:33","guid":{"rendered":"http:\/\/www.zeusotomasyon.com\/?page_id=8"},"modified":"2025-03-21T22:11:15","modified_gmt":"2025-03-21T22:11:15","slug":"hakkimizda","status":"publish","type":"page","link":"http:\/\/www.zeusotomasyon.com\/?page_id=8","title":{"rendered":"Hakk\u0131m\u0131zda"},"content":{"rendered":"\n<div class=\"wp-block-cover alignfull\" style=\"min-height:320px;aspect-ratio:unset;\"><span aria-hidden=\"true\" class=\"wp-block-cover__background has-nv-site-bg-background-color has-background-dim-100 has-background-dim\"><\/span><div class=\"wp-block-cover__inner-container is-layout-flow wp-block-cover-is-layout-flow\">\n<div class=\"wp-block-group\" style=\"padding-right:var(--wp--preset--spacing--30);padding-left:var(--wp--preset--spacing--30)\"><div class=\"wp-block-group__inner-container is-layout-flow wp-block-group-is-layout-flow\">\n<h1 class=\"wp-block-heading has-text-align-left has-neve-text-color-color has-text-color\">Hakk\u0131m\u0131zda<\/h1>\n<\/div><\/div>\n<\/div><\/div>\n\n\n\n<div class=\"wp-block-cover alignfull\" style=\"min-height:600px;aspect-ratio:unset;\"><span aria-hidden=\"true\" class=\"wp-block-cover__background has-nv-light-bg-background-color has-background-dim-100 has-background-dim\"><\/span><div class=\"wp-block-cover__inner-container is-layout-flow wp-block-cover-is-layout-flow\">\n<div class=\"wp-block-group\"><div class=\"wp-block-group__inner-container is-layout-flow wp-block-group-is-layout-flow\">\n<div style=\"height:80px\" aria-hidden=\"true\" class=\"wp-block-spacer\"><\/div>\n\n\n\n<div class=\"wp-block-columns are-vertically-aligned-center has-neve-text-color-color has-text-color is-layout-flex wp-container-core-columns-is-layout-9d6595d7 wp-block-columns-is-layout-flex\">\n<div class=\"wp-block-column is-vertically-aligned-center is-layout-flow wp-block-column-is-layout-flow\" style=\"padding-right:var(--wp--preset--spacing--30);padding-left:var(--wp--preset--spacing--30);flex-basis:50%\">\n<figure class=\"wp-block-image size-full has-custom-border\"><img decoding=\"async\" src=\"http:\/\/www.zeusotomasyon.com\/wp-content\/themes\/neve\/assets\/img\/starter-content\/neve-marketing-agency-10.png\" alt=\"\" style=\"border-radius:16px\"\/><\/figure>\n<\/div>\n\n\n\n<div class=\"wp-block-column is-vertically-aligned-center is-layout-flow wp-block-column-is-layout-flow\" style=\"padding-top:0;padding-right:var(--wp--preset--spacing--30);padding-bottom:0;padding-left:var(--wp--preset--spacing--30);flex-basis:50%\">\n<h2 class=\"wp-block-heading has-neve-text-color-color has-text-color\">Hikayemiz<\/h2>\n\n\n\n<p class=\"has-neve-text-color-color has-text-color\">Firmam\u0131z, 2009 y\u0131l\u0131nda yaz\u0131l\u0131m, otomasyon, kamera g\u00fcvenlik sistemleri, ge\u00e7i\u015f kontrol sistemleri ve lazer tank kalibrasyonu alanlar\u0131nda profesyonel \u00e7\u00f6z\u00fcmler sunmak amac\u0131yla kurulmu\u015ftur. Kuruldu\u011fumuz g\u00fcnden bu yana, teknolojik \u00fcr\u00fcnler ve son yenilikleri takip ederek, g\u00fcvenilir, kaliteli ve s\u00fcrd\u00fcr\u00fclebilir hizmetler vermektedir.<\/p>\n\n\n\n<p>Sekt\u00f6rdeki deneyimimiz ve uzman ekibimizle, g\u00fcncel g\u00fcvenlik, otomasyon ve ge\u00e7i\u015f kontrol ihtiya\u00e7lar\u0131n\u0131 en verimli \u015fekilde kar\u015f\u0131l\u0131yoruz. Kamera g\u00fcvenlik sistemlerinin, hassas lazer tank kalibrasyonuna kadar geni\u015f bir hizmet yelpazesi sunarak, m\u00fc\u015fteri memnuniyeti odakl\u0131 \u00e7al\u0131\u015fmaktay\u0131z.<\/p>\n\n\n\n<p>Teknolojiye olan tutkumuz ve \u00e7\u00f6z\u00fcm odakl\u0131 yakla\u015f\u0131m\u0131m\u0131z sayesinde, her ge\u00e7en g\u00fcn daha g\u00fc\u00e7l\u00fc bir yap\u0131yla hizmetlerimize devam ediyoruz. G\u00fcvenlikten otomasyona, sistem de\u011fi\u015fiminden kalibrasyona kadar t\u00fcm hizmetlerde kaliteyi ve g\u00fcvenli\u011fi \u00f6n planda tutarak \u00e7al\u0131\u015fmalar\u0131m\u0131za h\u0131zla devam etmekteyiz.<\/p>\n\n\n\n<p class=\"has-neve-text-color-color has-text-color\">Siz de g\u00fcvenilir, geli\u015fmi\u015f ve profesyonel \u00e7\u00f6z\u00fcmlerimizle tan\u0131\u015fmak i\u00e7in bize ula\u015f\u0131n.<\/p>\n<\/div>\n<\/div>\n\n\n\n<div style=\"height:40px\" aria-hidden=\"true\" class=\"wp-block-spacer\"><\/div>\n<\/div><\/div>\n<\/div><\/div>\n","protected":false},"excerpt":{"rendered":"","protected":false},"author":1,"featured_media":0,"parent":0,"menu_order":0,"comment_status":"closed","ping_status":"closed","template":"","meta":{"neve_meta_sidebar":"","neve_meta_container":"","neve_meta_enable_content_width":"on","neve_meta_content_width":100,"neve_meta_title_alignment":"","neve_meta_author_avatar":"","neve_post_elements_order":"","neve_meta_disable_header":"","neve_meta_disable_footer":"","neve_meta_disable_title":"on","footnotes":""},"class_list":["post-8","page","type-page","status-publish","hentry"],"_links":{"self":[{"href":"http:\/\/www.zeusotomasyon.com\/index.php?rest_route=\/wp\/v2\/pages\/8","targetHints":{"allow":["GET"]}}],"collection":[{"href":"http:\/\/www.zeusotomasyon.com\/index.php?rest_route=\/wp\/v2\/pages"}],"about":[{"href":"http:\/\/www.zeusotomasyon.com\/index.php?rest_route=\/wp\/v2\/types\/page"}],"author":[{"embeddable":true,"href":"http:\/\/www.zeusotomasyon.com\/index.php?rest_route=\/wp\/v2\/users\/1"}],"replies":[{"embeddable":true,"href":"http:\/\/www.zeusotomasyon.com\/index.php?rest_route=%2Fwp%2Fv2%2Fcomments&post=8"}],"version-history":[{"count":4,"href":"http:\/\/www.zeusotomasyon.com\/index.php?rest_route=\/wp\/v2\/pages\/8\/revisions"}],"predecessor-version":[{"id":188,"href":"http:\/\/www.zeusotomasyon.com\/index.php?rest_route=\/wp\/v2\/pages\/8\/revisions\/188"}],"wp:attachment":[{"href":"http:\/\/www.zeusotomasyon.com\/index.php?rest_route=%2Fwp%2Fv2%2Fmedia&parent=8"}],"curies":[{"name":"wp","href":"https:\/\/api.w.org\/{rel}","templated":true}]}}