{"id":540,"date":"2025-03-19T08:01:47","date_gmt":"2025-03-19T08:01:47","guid":{"rendered":"http:\/\/www.zeusotomasyon.com\/?page_id=168"},"modified":"2025-03-19T08:01:47","modified_gmt":"2025-03-19T08:01:47","slug":"guvenlik-kamera-sistemleri","status":"publish","type":"page","link":"http:\/\/www.zeusotomasyon.com\/?page_id=540","title":{"rendered":"G\u00fcvenlik &#038; Kamera Sistemleri"},"content":{"rendered":"\n<div class=\"wp-block-group is-layout-grid wp-container-core-group-is-layout-ff219d1e wp-block-group-is-layout-grid\">\n<div class=\"wp-block-cover is-light is-style-rounded\"><span aria-hidden=\"true\" class=\"wp-block-cover__background has-background-dim\" style=\"background-color:#e3e3e3\"><\/span><img loading=\"lazy\" decoding=\"async\" width=\"174\" height=\"154\" class=\"wp-block-cover__image-background wp-image-308\" alt=\"\" src=\"http:\/\/www.zeusotomasyon.com\/wp-content\/uploads\/2025\/03\/BIGGER_kategori_47.jpg\" data-object-fit=\"cover\"\/><div class=\"wp-block-cover__inner-container is-layout-flow wp-block-cover-is-layout-flow\">\n<div class=\"wp-block-buttons alignfull is-content-justification-center is-layout-flex wp-container-core-buttons-is-layout-5e6b19ed wp-block-buttons-is-layout-flex\">\n<div class=\"wp-block-button is-style-primary\"><a class=\"wp-block-button__link has-text-align-center wp-element-button\" href=\"http:\/\/www.zeusotomasyon.com\/?page_id=314\">G\u00fcvenlik Kamera Sistemleri<\/a><\/div>\n<\/div>\n\n\n\n<div class=\"wp-block-group is-nowrap is-layout-flex wp-container-core-group-is-layout-ad2f72ca wp-block-group-is-layout-flex\">\n<figure class=\"wp-block-image size-full is-resized is-style-rounded\"><img loading=\"lazy\" decoding=\"async\" width=\"174\" height=\"154\" src=\"http:\/\/www.zeusotomasyon.com\/wp-content\/uploads\/2025\/03\/BIGGER_kategori_50.jpg\" alt=\"\" class=\"wp-image-305\" style=\"width:235px;height:auto\"\/><\/figure>\n<\/div>\n\n\n\n<figure class=\"wp-block-gallery has-nested-images columns-default is-cropped wp-block-gallery-1 is-layout-flex wp-block-gallery-is-layout-flex\">\n<figure class=\"wp-block-image size-full is-style-rounded\"><img loading=\"lazy\" decoding=\"async\" width=\"174\" height=\"154\" data-id=\"304\" src=\"http:\/\/www.zeusotomasyon.com\/wp-content\/uploads\/2025\/03\/BIGGER_kategori_49.jpg\" alt=\"\" class=\"wp-image-304\"\/><\/figure>\n\n\n\n<figure class=\"wp-block-image size-full is-style-rounded\"><img loading=\"lazy\" decoding=\"async\" width=\"174\" height=\"154\" data-id=\"307\" src=\"http:\/\/www.zeusotomasyon.com\/wp-content\/uploads\/2025\/03\/BIGGER_kategori_25.jpg\" alt=\"\" class=\"wp-image-307\"\/><\/figure>\n<\/figure>\n<\/div><\/div>\n\n\n\n<div class=\"wp-block-cover is-light is-style-rounded wp-container-content-6ee8e4bf\"><span aria-hidden=\"true\" class=\"wp-block-cover__background has-background-dim\" style=\"background-color:#d4d1cc\"><\/span><img loading=\"lazy\" decoding=\"async\" width=\"267\" height=\"189\" class=\"wp-block-cover__image-background wp-image-309\" alt=\"\" src=\"http:\/\/www.zeusotomasyon.com\/wp-content\/uploads\/2025\/03\/images.jpg\" data-object-fit=\"cover\"\/><div class=\"wp-block-cover__inner-container is-layout-flow wp-block-cover-is-layout-flow\">\n<div class=\"wp-block-buttons alignfull is-content-justification-center is-layout-flex wp-container-core-buttons-is-layout-5e6b19ed wp-block-buttons-is-layout-flex\">\n<div class=\"wp-block-button is-style-primary\"><a class=\"wp-block-button__link has-text-align-center wp-element-button\" href=\"http:\/\/www.zeusotomasyon.com\/?page_id=317\">Yang\u0131n &amp; H\u0131rs\u0131z Alarm Sistemleri<\/a><\/div>\n<\/div>\n\n\n\n<div class=\"wp-block-group is-nowrap is-layout-flex wp-container-core-group-is-layout-ad2f72ca wp-block-group-is-layout-flex\">\n<figure class=\"wp-block-image size-full is-resized is-style-rounded\"><img loading=\"lazy\" decoding=\"async\" width=\"296\" height=\"170\" src=\"http:\/\/www.zeusotomasyon.com\/wp-content\/uploads\/2025\/03\/panel.jpg\" alt=\"\" class=\"wp-image-310\" style=\"width:235px;height:auto\"\/><\/figure>\n<\/div>\n\n\n\n<figure class=\"wp-block-gallery has-nested-images columns-default is-cropped wp-block-gallery-2 is-layout-flex wp-block-gallery-is-layout-flex\">\n<figure class=\"wp-block-image size-full is-style-rounded\"><img loading=\"lazy\" decoding=\"async\" width=\"225\" height=\"225\" data-id=\"312\" src=\"http:\/\/www.zeusotomasyon.com\/wp-content\/uploads\/2025\/03\/alarm2.jpg\" alt=\"\" class=\"wp-image-312\" srcset=\"http:\/\/www.zeusotomasyon.com\/wp-content\/uploads\/2025\/03\/alarm2.jpg 225w, http:\/\/www.zeusotomasyon.com\/wp-content\/uploads\/2025\/03\/alarm2-150x150.jpg 150w\" sizes=\"auto, (max-width: 225px) 100vw, 225px\" \/><\/figure>\n\n\n\n<figure class=\"wp-block-image size-full is-style-rounded\"><img loading=\"lazy\" decoding=\"async\" width=\"212\" height=\"237\" data-id=\"311\" src=\"http:\/\/www.zeusotomasyon.com\/wp-content\/uploads\/2025\/03\/alarm.jpg\" alt=\"\" class=\"wp-image-311\"\/><\/figure>\n<\/figure>\n<\/div><\/div>\n<\/div>\n","protected":false},"excerpt":{"rendered":"","protected":false},"author":1,"featured_media":0,"parent":10,"menu_order":0,"comment_status":"closed","ping_status":"closed","template":"","meta":{"neve_meta_sidebar":"","neve_meta_container":"","neve_meta_enable_content_width":"","neve_meta_content_width":0,"neve_meta_title_alignment":"","neve_meta_author_avatar":"","neve_post_elements_order":"","neve_meta_disable_header":"","neve_meta_disable_footer":"","neve_meta_disable_title":"","footnotes":""},"class_list":["post-540","page","type-page","status-publish","hentry"],"_links":{"self":[{"href":"http:\/\/www.zeusotomasyon.com\/index.php?rest_route=\/wp\/v2\/pages\/540","targetHints":{"allow":["GET"]}}],"collection":[{"href":"http:\/\/www.zeusotomasyon.com\/index.php?rest_route=\/wp\/v2\/pages"}],"about":[{"href":"http:\/\/www.zeusotomasyon.com\/index.php?rest_route=\/wp\/v2\/types\/page"}],"author":[{"embeddable":true,"href":"http:\/\/www.zeusotomasyon.com\/index.php?rest_route=\/wp\/v2\/users\/1"}],"replies":[{"embeddable":true,"href":"http:\/\/www.zeusotomasyon.com\/index.php?rest_route=%2Fwp%2Fv2%2Fcomments&post=540"}],"version-history":[{"count":0,"href":"http:\/\/www.zeusotomasyon.com\/index.php?rest_route=\/wp\/v2\/pages\/540\/revisions"}],"up":[{"embeddable":true,"href":"http:\/\/www.zeusotomasyon.com\/index.php?rest_route=\/wp\/v2\/pages\/10"}],"wp:attachment":[{"href":"http:\/\/www.zeusotomasyon.com\/index.php?rest_route=%2Fwp%2Fv2%2Fmedia&parent=540"}],"curies":[{"name":"wp","href":"https:\/\/api.w.org\/{rel}","templated":true}]}}