{"id":166,"date":"2025-03-19T08:01:13","date_gmt":"2025-03-19T08:01:13","guid":{"rendered":"http:\/\/www.zeusotomasyon.com\/?page_id=166"},"modified":"2025-03-26T23:10:54","modified_gmt":"2025-03-26T23:10:54","slug":"ust-arama-dedektorleri","status":"publish","type":"page","link":"http:\/\/www.zeusotomasyon.com\/?page_id=166","title":{"rendered":"\u00dcst Arama Dedekt\u00f6rleri"},"content":{"rendered":"\n<div class=\"wp-block-media-text is-stacked-on-mobile\" style=\"border-width:3px;border-radius:50px;padding-top:var(--wp--preset--spacing--40);padding-right:var(--wp--preset--spacing--40);padding-bottom:var(--wp--preset--spacing--40);padding-left:var(--wp--preset--spacing--40);grid-template-columns:20% auto\"><figure class=\"wp-block-media-text__media\"><img loading=\"lazy\" decoding=\"async\" width=\"120\" height=\"120\" src=\"http:\/\/www.zeusotomasyon.com\/wp-content\/uploads\/2025\/03\/metal.jpg\" alt=\"\" class=\"wp-image-238 size-full\"\/><\/figure><div class=\"wp-block-media-text__content\">\n<p><strong>KAPI ve EL T\u0130P\u0130 METAL \u00dcST ARAMA DEDEKT\u00d6RLER\u0130<\/strong><\/p>\n\n\n\n<p>Havalimanlar\u0131, kamu kurum ve kurulu\u015flar\u0131, i\u015f merkezleri, al\u0131\u015fveri\u015f merkezleri, oteller, sosyal etkinlik alanlar\u0131, cezaevleri ve belediyeler olmak \u00fczere bir \u00e7ok yerde kar\u015f\u0131m\u0131za \u00e7\u0131kan metal kap\u0131 dedekt\u00f6rleri ve el tipi \u00fcst arama dedekt\u00f6rleri artarak yayg\u0131nla\u015fmaya devam etmektedir. \u00dcst arama dedekt\u00f6rleri insan sa\u011fl\u0131\u011f\u0131na zarar vermez. SECUDA&nbsp;<strong>metal \u00fcst arama dedekt\u00f6rleri<\/strong>&nbsp;hamile bayanlara da zarar vermedi\u011fine dair raporlara sahip se\u00e7kin bir markad\u0131r.&nbsp;<em><u>Kap\u0131 dedekt\u00f6rleri<\/u><\/em>&nbsp;tarama b\u00f6lgeleri ve hassasiyetlerine g\u00f6re \u00e7e\u015fitli modellere sahiptir. Manyetik kap\u0131 dedekt\u00f6r\u00fcnden ge\u00e7en bir ki\u015finin \u00fczerinde metal var ise, dedekt\u00f6r kap\u0131 metalin ge\u00e7i\u015f yapan ki\u015finin hangi b\u00f6lgesinde oldu\u011funu belirler ve g\u00fcvenlik g\u00f6revlisi elinde bulunan el tipi&nbsp;<strong>metal \u00fcst arama dedekt\u00f6r\u00fc<\/strong>&nbsp;ile daha hassas bir tarama yaparak metali tespit eder.<strong> <\/strong><\/p>\n\n\n\n<p><\/p>\n<\/div><\/div>\n\n\n\n<div class=\"wp-block-media-text is-stacked-on-mobile\" style=\"border-width:3px;border-radius:50px;padding-top:var(--wp--preset--spacing--40);padding-right:var(--wp--preset--spacing--40);padding-bottom:var(--wp--preset--spacing--40);padding-left:var(--wp--preset--spacing--40);grid-template-columns:20% auto\"><figure class=\"wp-block-media-text__media\"><img loading=\"lazy\" decoding=\"async\" width=\"174\" height=\"154\" src=\"http:\/\/www.zeusotomasyon.com\/wp-content\/uploads\/2025\/03\/xray-1.jpg\" alt=\"\" class=\"wp-image-239 size-full\"\/><\/figure><div class=\"wp-block-media-text__content\">\n<p><strong>XRAY C\u0130HAZLARI<\/strong><\/p>\n\n\n\n<p>Baz\u0131 silah, patlay\u0131c\u0131, kesici ve delici aletler ki\u015filerin \u00fczerinde ta\u015f\u0131yamayaca\u011f\u0131 kadar b\u00fcy\u00fck olup bunu bir \u00e7anta yahut valiz ile ta\u015f\u0131maktad\u0131rlar.&nbsp;<strong>X ray cihazlar\u0131<\/strong>&nbsp;i\u00e7erisinden ge\u00e7irilen bagajlara X \u0131\u015f\u0131n\u0131 g\u00f6ndererek kapal\u0131 kutulardaki metal cisimlerin \u015fekilleri, metal yo\u011funluklar\u0131 ve tehlike s\u0131n\u0131flar\u0131n\u0131 tespit eder. X Ray cihazlar\u0131n\u0131n; organik \u2013 inorganik madde ay\u0131r\u0131m\u0131 yapabilme, daha b\u00fcy\u00fck bagajlar\u0131n ge\u00e7i\u015f yapabilmesi i\u00e7in ebat ve \u00f6l\u00e7\u00fclerine g\u00f6re fiyatlar\u0131 ve de modelleri de\u011fi\u015fmektedir. SECUDA Xray cihazlar\u0131 yo\u011fun kullan\u0131m gerektiren, h\u0131zl\u0131 ve derin tarama yapmak isteyen al\u0131c\u0131lar i\u00e7in idealdir.<\/p>\n\n\n\n<p><\/p>\n<\/div><\/div>\n","protected":false},"excerpt":{"rendered":"<p>KAPI ve EL T\u0130P\u0130 METAL \u00dcST ARAMA DEDEKT\u00d6RLER\u0130 Havalimanlar\u0131, kamu kurum ve kurulu\u015flar\u0131, i\u015f merkezleri, al\u0131\u015fveri\u015f merkezleri, oteller, sosyal etkinlik alanlar\u0131, cezaevleri ve belediyeler olmak \u00fczere bir \u00e7ok yerde kar\u015f\u0131m\u0131za \u00e7\u0131kan metal kap\u0131 dedekt\u00f6rleri ve el tipi \u00fcst arama dedekt\u00f6rleri artarak yayg\u0131nla\u015fmaya devam etmektedir. \u00dcst arama dedekt\u00f6rleri insan sa\u011fl\u0131\u011f\u0131na zarar vermez. SECUDA&nbsp;metal \u00fcst arama dedekt\u00f6rleri&nbsp;hamile&hellip;&nbsp;<a href=\"http:\/\/www.zeusotomasyon.com\/?page_id=166\" rel=\"bookmark\">Daha fazlas\u0131n\u0131 oku &raquo;<span class=\"screen-reader-text\">\u00dcst Arama Dedekt\u00f6rleri<\/span><\/a><\/p>\n","protected":false},"author":1,"featured_media":0,"parent":151,"menu_order":0,"comment_status":"closed","ping_status":"closed","template":"","meta":{"neve_meta_sidebar":"","neve_meta_container":"","neve_meta_enable_content_width":"","neve_meta_content_width":0,"neve_meta_title_alignment":"","neve_meta_author_avatar":"","neve_post_elements_order":"","neve_meta_disable_header":"","neve_meta_disable_footer":"","neve_meta_disable_title":"","footnotes":""},"class_list":["post-166","page","type-page","status-publish","hentry"],"_links":{"self":[{"href":"http:\/\/www.zeusotomasyon.com\/index.php?rest_route=\/wp\/v2\/pages\/166","targetHints":{"allow":["GET"]}}],"collection":[{"href":"http:\/\/www.zeusotomasyon.com\/index.php?rest_route=\/wp\/v2\/pages"}],"about":[{"href":"http:\/\/www.zeusotomasyon.com\/index.php?rest_route=\/wp\/v2\/types\/page"}],"author":[{"embeddable":true,"href":"http:\/\/www.zeusotomasyon.com\/index.php?rest_route=\/wp\/v2\/users\/1"}],"replies":[{"embeddable":true,"href":"http:\/\/www.zeusotomasyon.com\/index.php?rest_route=%2Fwp%2Fv2%2Fcomments&post=166"}],"version-history":[{"count":3,"href":"http:\/\/www.zeusotomasyon.com\/index.php?rest_route=\/wp\/v2\/pages\/166\/revisions"}],"predecessor-version":[{"id":504,"href":"http:\/\/www.zeusotomasyon.com\/index.php?rest_route=\/wp\/v2\/pages\/166\/revisions\/504"}],"up":[{"embeddable":true,"href":"http:\/\/www.zeusotomasyon.com\/index.php?rest_route=\/wp\/v2\/pages\/151"}],"wp:attachment":[{"href":"http:\/\/www.zeusotomasyon.com\/index.php?rest_route=%2Fwp%2Fv2%2Fmedia&parent=166"}],"curies":[{"name":"wp","href":"https:\/\/api.w.org\/{rel}","templated":true}]}}